1076753
List the prime factors of 148891269.
3, 4157, 11939
What are the prime factors of 103281662?
2, 11, 61, 76961
List the prime factors of 231919488.
2, 3, 23, 8753
What are the prime factors of 3378551671?
11, 19, 16165319
What are the prime factors of 1186381872?
2, 3, 13, 633751
What are the prime factors of 173799045?
3, 5, 7, 551743
What are the prime factors of 323756717?
23, 14076379
What are the prime factors of 753627388?
2, 281, 670487
What are the prime factors of 141029114?
2, 70514557
What are the prime factors of 8627678198?
2, 103, 127, 329779
List the prime factors of 7909005630.
2, 3, 5, 23, 61, 187907
List the prime factors of 105806579.
105806579
What are the prime factors of 53873145?
3, 5, 1197181
List the prime factors of 28754492.
2, 13, 552971
List the prime factors of 53491680.
2, 3, 5, 11, 307
List the prime factors of 2225982549.
3, 7, 105999169
What are the prime factors of 80037895?
5, 7, 2286797
What are the prime factors of 41440332?
2, 3, 3453361
What are the prime factors of 51739478?
2, 7, 3695677
List the prime factors of 3798685894.
2, 1899342947
What are the prime factors of 5624350?
2, 5, 197, 571
What are the prime factors of 573049188?
2, 3, 109, 48679
List the prime factors of 2482772643.
3, 13, 1009, 21031
What are the prime factors of 24474420?
2, 3, 5, 61, 743
List the prime factors of 47706893.
13, 3669761
What are the prime factors of 62936043?
3, 20978681
What are the prime factors of 803063934?
2, 3, 44614663
List the prime factors of 3899782804.
2, 499, 1953799
List the prime factors of 66273001.
66273001
List the prime factors of 7281758827.
7, 10139, 14657
List the prime factors of 97956614.
2, 7, 53, 97, 1361
List the prime factors of 700368015.
3, 5, 46691201
What are the prime factors of 1499141181?
3, 14479, 34513
List the prime factors of 2491565682.
2, 3, 29, 14319343
What are the prime factors of 253303659?
3, 7, 61, 127, 173
List the prime factors of 2512642360.
2, 5, 23, 29, 41, 2297
List the prime factors of 202903682.
2, 101451841
List the prime factors of 1148420787.
3, 223, 1716623
List the prime factors of 242828686.
2, 121414343
What are the prime factors of 3496790050?
2, 5, 13, 23, 151, 1549
List the prime factors of 2796325297.
44851, 62347
What are the prime factors of 208814817?
3, 2099, 33161
What are the prime factors of 3104490319?
7, 31, 14887
List the prime factors of 448137842.
2, 23, 61, 159707
What are the prime factors of 3190760896?
2, 19, 239, 10979
What are the prime factors of 394676322?
2, 3, 19, 139, 24907
List the prime factors of 163253669.
17, 9603157
List the prime factors of 91536132.
2, 3, 7628011
List the prime factors of 176531784.
2, 3, 11, 13, 51437
What are the prime factors of 64395309?
3, 11, 151, 12923
List the prime factors of 1447935105.
3, 5, 113, 541, 1579
What are the prime factors of 3451629?
3, 17, 67679
What are the prime factors of 295744473?
3, 3259, 3361
What are the prime factors of 4418285161?
4418285161
List the prime factors of 19746767.
29, 109, 6247
List the prime factors of 23800075.
5, 13, 67, 1093
List the prime factors of 225056547.
3, 25006283
What are the prime factors of 4551467472?
2, 3, 2473, 12781
List the prime factors of 84596123.
73, 79, 14669
List the prime factors of 79791230.
2, 5, 43, 97, 1913
What are the prime factors of 469991463?
3, 59, 1187, 2237
What are the prime factors of 57875768?
2, 7234471
List the prime factors of 35452690.
2, 5, 7, 13, 38959
What are the prime factors of 4503661489?
73, 61693993
What are the prime factors of 82393508?
2, 20598377
What are the prime factors of 1817905782?
2, 3, 7, 11, 31, 18133
List the prime factors of 94282478.
2, 809, 58271
List the prime factors of 508844233.
907, 561019
List the prime factors of 107835012.
2, 3, 17, 176201
List the prime factors of 5886449.
29, 202981
What are the prime factors of 829616030?
2, 5, 82961603
What are the prime factors of 258605?
5, 51721
List the prime factors of 3927976311.
3, 7, 29, 191, 33769
What are the prime factors of 1159424893?
11, 31, 3400073
What are the prime factors of 1825005877?
59, 193, 293, 547
What are the prime factors of 104353315?
5, 11, 71, 26723
What are the prime factors of 204822825?
3, 5, 557, 4903
What are the prime factors of 9989457?
3, 3329819
List the prime factors of 20735086.
2, 2999, 3457
List the prime factors of 4916695324.
2, 17, 1699, 42557
What are the prime factors of 635858369?
635858369
List the prime factors of 3908116642.
2, 1954058321
What are the prime factors of 123467644?
2, 443, 69677
What are the prime factors of 676923210?
2, 3, 5, 101, 103, 241
What are the prime factors of 144221?
7, 11, 1873
What are the prime factors of 2237297030?
2, 5, 223729703
List the prime factors of 766257947.
7, 13, 163, 51659
List the prime factors of 923523981.
3, 307841327
List the prime factors of 3259841.
13, 19289
List the prime factors of 117958432.
2, 313, 11777
List the prime factors of 105808609.
47, 73, 30839
List the prime factors of 156461016.
2, 3, 6519209
What are the prime factors of 2125082284?
2, 13, 19, 769, 2797
List the prime factors of 119045857.
7, 131, 991
List the prime factors of 210884255.
5, 43, 277, 3541
List the prime factors of 1807093033.
127, 349, 40771
What are the prime factors of 171079293?
3, 7, 11, 740603
What are the prime factors of 460813318?
2, 7, 37, 349, 2549
What are the prime factors of 26979254?
2, 3581, 3767
List the prime factors of 21552679.
23, 109, 8597
List the prime factors of 436539959.
53, 8236603
List the prime factors of 327786200.
2, 5, 7, 137, 1709
What are the prime factors of 26945834?
2, 23, 585779
What are the prime factors of 81372435?
3, 5, 37, 146617
List the prime factors of 114042329.
114042329
List the prime factors of 1106169951.
3, 368723317
What are the prime factors of 149465668?
2, 11, 167, 20341
List the prime factors of 14923768.
2, 1865471
List the prime factors of 101124489.
3, 33708163
List the prime factors of 6393614.
2, 19, 168253
List the prime factors of 258380654.
2, 7, 17, 1085633
What are the prime factors of 368385588?
2, 3, 61, 227, 739
What are the prime factors of 1075474655?
5, 17, 107, 118249
List the prime factors of 111039535.
5, 1583, 14029
List the prime factors of 599175771.
3, 199725257
List the prime factors of 2225846150.
2, 5, 11, 4046993
List the prime factors of 13503301.
7, 1929043
What are the prime factors of 602292170?
2, 5, 4007, 15031
List the prime factors of 25892811.
3, 7, 136999
List the prime factors of 103371287.
229, 587, 769
List the prime factors of 15361271.
29, 431, 1229
What are the prime factors of 59921509?
23, 443, 5881
What are the prime factors of 4631400433?
11, 421036403
List the prime factors of 241517654.
2, 7, 17251261
List the prime factors of 91617565.
5, 13, 379, 3719
What are the prime factors of 2497437217?
11, 263, 78479
List the prime factors of 1485764490.
2, 3, 5, 7, 1373, 5153
What are the prime factors of 1164050438?
2, 157, 3707167
What are the prime factors of 3398178880?
2, 5, 19, 457, 1223
What are the prime factors of 35918319?
3, 179, 211, 317
List the prime factors of 89498614.
2, 44749307
What are the prime factors of 401901110?
2, 5, 13, 19, 162713
List the prime factors of 324230520.
2, 3, 5, 461, 5861
What are the prime factors of 509573695?
5, 1747, 58337
List the prime factors of 149495382.
2, 3, 17, 19, 2857
What are the prime factors of 345288016?
2, 21580501
What are the prime factors of 80141202?
2, 3, 19, 234331
List the prime factors of 398576753.
1619, 246187
What are the prime factors of 402888300?
2, 3, 5, 29, 46309
What are the prime factors of 818070717?
3, 272690239
What are the prime factors of 1118879558?
2, 9497, 58907
What are the prime factors of 541544554?
2, 17, 15927781
List the prime factors of 3163807.
67, 47221
List the prime factors of 761793808.
2, 29, 1641797
What are the prime factors of 84235071?
3, 431, 65147
What are the prime factors of 18375596?
2, 503, 9133
What are the prime factors of 113108668?
2, 41, 179, 3853
What are the prime factors of 138750793?
138750793
List the prime factors of 142202807.
17, 8364871
What are the prime factors of 60448481?
17, 19, 31, 6037
What are the prime factors of 7562763